0?
8
Suppose 2*r + 0 = 2. Let q = 4 + r. Suppose q*a + i - 121 = 46, -4*a - 3*i + 127 = 0. Calculate the remainder when a is divided by 12.
10
Let h(p) = -p**3 + 14*p**2 - 7*p + 4. Let o be h(6). Suppose -6*c = -c - o. Calculate the remainder when c is divided by 13.
11
Let y(s) = -s + 8. Let z be y(6). Let a = 0 - z. Let b(x) = -18*x + 1. What is the remainder when b(a) is divided by 13?
11
Suppose 0*k - 4*k = -5*s - 22, -k - 3*s - 3 = 0. Let j(v) = -v**2 - 8*v - 2. What is the remainder when j(-7) is divided by k?
2
Suppose -2*f = -g + 4, -g + 2*g - f - 7 = 0. What is the remainder when 28 is divided by g?
8
Let z(s) = 4*s**2 + 10*s + 10. Let l(y) = -5*y**2 - 10*y - 10. Let f(c) = -3*l(c) - 4*z(c). What is the remainder when f(-8) is divided by 4?
2
Let t(q) = q**3 - 1 + 10*q**2 + 6*q + 0 - 10 + 1. Calculate the remainder when t(-9) is divided by 6.
5
Let i(c) = -c**2 - 12*c + 14. What is the remainder when i(-11) is divided by 14?
11
Let n be (-20)/3*(-9)/(-6). Let t be (18/5)/((-4)/n). Suppose -4*u - 65 = -t*u. What is the remainder when 24 is divided by u?
11
Let f(a) be the first derivative of -1/3*a**3 - 1 + 0*a + 0*a**2 + 7/2*a**4. Calculate the remainder when 24 is divided by f(1).
11
Suppose -1033 = 4*g + z, 5*g + 5*z = -683 - 612. Calculate the remainder when (g/(-15))/(4/10) is divided by 22.
21
Suppose -2*r - 3*y = -64, r + 5*y = 11 + 7. What is the remainder when r is divided by 14?
10
Let w(k) = -k + 11. Let l be w(9). Let s(r) = 3*r**3 + 2*r - 3. What is the remainder when 49 is divided by s(l)?
24
Calculate the remainder when (-1 + -7)*71/(-4) is divided by 29.
26
Let t be (4/(-3))/(1/(-3)). Suppose -3*l - t*k = -49, k + 48 = l - 4*k. Suppose 17 = 2*q - l. Calculate the remainder when q is divided by 11.
9
Suppose 0 = -6*f + 315 - 63. Let c = 48 - 33. Suppose 29 = 4*s - c. What is the remainder when f is divided by s?
9
Suppose 3*c - 67 = -c - 5*p, -20 = -c + 2*p. Let r = -4 + c. Calculate the remainder when 41 is divided by r.
13
Let o = -7 + 12. Let h be 3 + (0 - -4) + -3. Suppose -g - h = -3*g. Calculate the remainder when o is divided by g.
1
Let i = 0 + 0. Suppose -p - 3*g + g = -3, i = 2*p - 3*g - 27. Calculate the remainder when 26 is divided by p.
8
What is the remainder when 95 - (-8)/12*3 is divided by 25?
22
Let o be ((-81)/(-6))/((-2)/4). Let n = -10 - o. Suppose 175 = 5*r - 5*p, 0 = 4*r - p - 99 - 35. Calculate the remainder when r is divided by n.
16
Suppose c = 5*j + 59, -3*c + 16 = -2*j - 5. Let p = 5 - -11. What is the remainder when p is divided by (9/j)/((-1)/12)?
7
Suppose 5*t + 24 = 89. Calculate the remainder when 257 is divided by t.
10
Let z = 83 - 68. Let t(s) = 6*s - 1. Calculate the remainder when t(5) is divided by z.
14
Let a = 65 - -28. Calculate the remainder when a is divided by 24.
21
Let u = 10 - -47. Calculate the remainder when 78 is divided by (-30)/20 + u/2.
24
Let r(d) = 26*d**2 + 1. Let k be r(-1). Let j = k + -16. What is the remainder when 32 is divided by j?
10
Suppose -2*n - 3*n + 95 = 0. Calculate the remainder when 457/13 - (-2)/(-13) is divided by n.
16
Let p(v) = 49*v - 36. Calculate the remainder when p(6) is divided by 52.
50
Suppose -5*v + 96 = -4. Suppose 0 = -2*k - 0 - 2, -v = 5*w - 5*k. Let i = 30 + w. Calculate the remainder when i is divided by 9.
7
Suppose 4*a - 46 + 14 = 0. Suppose 0*x - 5*x = 495. What is the remainder when x/12*(-8)/3 is divided by a?
6
Let i = 258 + -141. Calculate the remainder when i is divided by 20.
17
Let d = -26 - -58. Calculate the remainder when 127 is divided by d.
31
Let g(c) = -4*c - 9. What is the remainder when g(-12) is divided by 21?
18
Let g(a) = -4*a**2 + 3*a - 8. Let n be g(-4). Calculate the remainder when (-72)/n*(28 + 0) is divided by 5.
4
Suppose 0 = v - 2 - 5. What is the remainder when 27 is divided by v?
6
Suppose -2*w + 2 + 20 = 0. What is the remainder when 43 is divided by w?
10
Suppose 12*k - 4*k = 88. Calculate the remainder when 64 is divided by k.
9
What is the remainder when 14 is divided by 0/((-2)/4*-4) + 4?
2
Let d = -17 - -63. What is the remainder when d is divided by 18?
10
Suppose 5*u + 2 = 137. Let z = 29 - 44. Let q = z - -29. What is the remainder when u is divided by q?
13
Let o(p) = p**3 + 8*p**2 + 7*p + 6. Let s be 14/(-2)*(0 - -1). Let h = 0 - -16. Calculate the remainder when h is divided by o(s).
4
Suppose -3*b + 83 - 23 = 0. Calculate the remainder when 1/(-4) + 445/b is divided by 5.
2
Let x(s) = -s + 4. Calculate the remainder when 26 + 2 - 0/(-1) is divided by x(-6).
8
Suppose 4*w - 4*g - 396 = 0, -185 = -w - 5*g - 68. What is the remainder when w is divided by -20*(-18)/15 + 2?
24
Suppose 2*n + 80 = -176. Calculate the remainder when 70 is divided by ((-9)/4)/(12/n).
22
Let j = -252 - -426. What is the remainder when j is divided by 44?
42
Let z(x) = 21*x - 1. What is the remainder when 56 is divided by z(1)?
16
Let i = -18 - -35. Let t = -7 - -10. Suppose -t*n = -2*y - i, 2*y + 3*y - 5 = -2*n. What is the remainder when 8 is divided by n?
3
Suppose 5*f + 50 = -55. Let h be 53 + -3 + (-4)/(-2). Let c = f + h. What is the remainder when c is divided by 11?
9
Let p = 18 - 21. Let z(n) = n**3 + 6*n**2 + 2*n. What is the remainder when 41 is divided by z(p)?
20
Let k be 14/(-49) - (-354)/14. Suppose 4*q = q + 90. What is the remainder when q is divided by (-10)/4*(-80)/k?
6
Let u = 43 - 29. What is the remainder when u is divided by 3?
2
Let m = -5 + 8. Let v be (2 + m)*28/5. Let o = 46 - v. What is the remainder when 34 is divided by o?
16
Suppose 5*y - 4*n - 15 = 0, -2*y + 10 = n + 4. Let r = y + 2. What is the remainder when 9 is divided by r?
4
Suppose 5*s - 2*v + 3 = 49, 3*s = 4*v + 36. Calculate the remainder when 20 is divided by s.
4
Suppose -o - 2 = 0, -o + 16 - 146 = -2*n. Calculate the remainder when n is divided by 22.
20
Suppose 0 = 5*l - 3*z - 1, -3*l - z - 3 = -4*z. Suppose -l*q = q - 39. Calculate the remainder when 37 is divided by q.
11
Let m(h) = -h**3 + 12*h**2 + 11*h + 6. Let d be m(12). Suppose -q = 5*q - d. Calculate the remainder when 113 is divided by q.
21
Let q = -29 - -44. Suppose 0 = i, -5*o + i + q = -i. Suppose 44 = -o*t + 7*t. What is the remainder when 21 is divided by t?
10
Calculate the remainder when (-14)/(-63) + (-968)/(-18) is divided by 14.
12
Let h(a) = a + 6. Let y be h(-5). Suppose -w = -5*d + w + 215, -2*d - 5*w = -86. What is the remainder when d is divided by (y*2)/((-16)/(-88))?
10
Let z(u) = -u**2 - u + 2. Let c be z(-2). Let m(g) = -4*g - 7. What is the remainder when m(-5) is divided by c - 1/(3/(-21))?
6
Let y = 439 + -304. Suppose -72 = -3*g + y. Calculate the remainder when g is divided by 18.
15
Suppose 4 = -2*w, 5*l + 3*w + 1 = -0*w. What is the remainder when 2 is divided by l?
0
Let d(n) = -n**3 + 10*n**2 - 10*n + 11. Let x be d(9). Suppose 5*f - p = 16, x*p - 3*p = f - 2. What is the remainder when 5 is divided by f?
2
Let t = 1 - 0. Let u = 1 - t. Suppose o - 7 - 3 = u. What is the remainder when 18 is divided by o?
8
Suppose 6*p - 3*x - 72 = 3*p, 5*x = 3*p - 74. Calculate the remainder when p is divided by 6.
5
Suppose -2 = l - 0. Suppose 0 = -5*f - 52 + 87. Calculate the remainder when f is divided by 6*l*(-2)/6.
3
Let l(p) = -2*p**2 - 10*p + 6. What is the remainder when 16 is divided by l(-5)?
4
Let y(n) = 2*n**3 + 2*n**2 + 1. Let b(h) = -3*h**3 - 4*h**2 - 3. Let v(s) = 3*b(s) + 5*y(s). What is the remainder when 13 is divided by v(3)?
3
Suppose 0 = 4*z - 8, -5*z + 7 + 5 = -m. What is the remainder when -3*(104/6)/m is divided by 14?
12
Let l(c) = -c + 5. Let k be l(3). Calculate the remainder when k/(24/(-39))*-8 is divided by (-1)/((-2)/18 - 0).
8
Let p = -10 + 20. Let h be 2/(2/(-3)) + 8. Suppose -k + 13 = h*o - 7, -o + 4*k = 17. What is the remainder when p is divided by o?
1
Let s be 79*-2*2/4. Let l = s + 117. Let y = -42 + 62. Calculate the remainder when l is divided by y.
18
Let m = 31 - 20. Calculate the remainder when m is divided by 7.
4
Let d = 161 + -92. Calculate the remainder when d is divided by (18/(-5))/(3/(-15)).
15
Let c be (-1 - -4) + (-2)/2. Suppose -c*a + 265 = 3*a. Let n = a - 13. Calculate the remainder when n is divided by 14.
12
Let j be (-2 - -4)*1 + 7. Suppose -n - 5*t = -15, 3*n - j = 6*n - 3*t. Suppose 